prime factors of 8110361?
7, 151, 7673
List the prime factors of 17995887.
3, 7, 13, 43, 73
List the prime factors of 364669.
364669
What are the prime factors of 8262313?
23, 359231
What are the prime factors of 11335438?
2, 19, 199, 1499
List the prime factors of 254428.
2, 63607
List the prime factors of 749332.
2, 31, 6043
What are the prime factors of 5682?
2, 3, 947
List the prime factors of 1806452.
2, 53, 8521
What are the prime factors of 219683?
219683
What are the prime factors of 1281795?
3, 5, 85453
List the prime factors of 9101912.
2, 19, 233, 257
List the prime factors of 1097880.
2, 3, 5, 7, 1307
What are the prime factors of 2902102?
2, 7, 207293
List the prime factors of 336131.
43, 7817
List the prime factors of 27073377.
3, 131, 22963
List the prime factors of 9223665.
3, 5, 11, 55901
List the prime factors of 337043.
7, 89, 541
List the prime factors of 2931823.
2931823
List the prime factors of 4544037.
3, 504893
What are the prime factors of 14420793?
3, 23, 208997
List the prime factors of 557622.
2, 3, 13, 2383
List the prime factors of 435992.
2, 54499
List the prime factors of 337155.
3, 5, 7, 13, 19
List the prime factors of 13865439.
3, 7, 113, 5843
What are the prime factors of 2111342?
2, 1055671
What are the prime factors of 1878323?
1878323
What are the prime factors of 120714?
2, 3, 11, 31, 59
List the prime factors of 181032.
2, 3, 19, 397
List the prime factors of 8215478.
2, 4107739
What are the prime factors of 10348154?
2, 41, 97, 1301
What are the prime factors of 712913?
712913
What are the prime factors of 6603221?
59, 111919
List the prime factors of 524142.
2, 3, 37, 787
List the prime factors of 531762.
2, 3, 7, 11, 1151
What are the prime factors of 29676485?
5, 881, 6737
What are the prime factors of 158752?
2, 11, 41
What are the prime factors of 5181406?
2, 37, 70019
What are the prime factors of 10629806?
2, 11, 103, 4691
List the prime factors of 250291.
17, 14723
What are the prime factors of 574143?
3, 97, 1973
What are the prime factors of 204956?
2, 51239
List the prime factors of 143416.
2, 7, 13, 197
What are the prime factors of 15245612?
2, 73, 109, 479
What are the prime factors of 1867673?
41, 45553
What are the prime factors of 1016893?
31, 32803
What are the prime factors of 560062?
2, 280031
What are the prime factors of 33564?
2, 3, 2797
What are the prime factors of 1958402?
2, 979201
What are the prime factors of 12276811?
12276811
List the prime factors of 365934.
2, 3, 71, 859
What are the prime factors of 549384?
2, 3, 11, 2081
What are the prime factors of 4320944?
2, 270059
List the prime factors of 1241702.
2, 7, 11, 733
List the prime factors of 744026.
2, 372013
What are the prime factors of 32502734?
2, 11, 1477397
List the prime factors of 702789.
3, 317, 739
What are the prime factors of 3717472?
2, 11, 59, 179
What are the prime factors of 68931?
3, 23, 37
List the prime factors of 107517.
3, 35839
List the prime factors of 642262.
2, 67, 4793
What are the prime factors of 27292?
2, 6823
List the prime factors of 4232367.
3, 470263
What are the prime factors of 174644?
2, 43661
List the prime factors of 14854896.
2, 3, 7, 14737
List the prime factors of 596966.
2, 298483
List the prime factors of 106496.
2, 13
List the prime factors of 2731082.
2, 521, 2621
What are the prime factors of 23190138?
2, 3, 257, 557
What are the prime factors of 2395253?
7, 342179
List the prime factors of 3773820.
2, 3, 5, 62897
What are the prime factors of 2170436?
2, 73, 7433
What are the prime factors of 3661999?
11, 31, 10739
What are the prime factors of 1093012?
2, 273253
List the prime factors of 8031093.
3, 7, 89, 4297
What are the prime factors of 1187681?
11, 107971
What are the prime factors of 11867175?
3, 5, 17581
What are the prime factors of 4856261?
4856261
List the prime factors of 19935485.
5, 1709, 2333
What are the prime factors of 74046?
2, 3, 7, 41, 43
What are the prime factors of 10145794?
2, 5072897
List the prime factors of 2029126.
2, 11, 92233
What are the prime factors of 466290?
2, 3, 5, 11, 157
What are the prime factors of 3513704?
2, 257, 1709
List the prime factors of 301866.
2, 3, 50311
What are the prime factors of 354103?
19, 18637
List the prime factors of 12323523.
3, 31, 132511
List the prime factors of 1315601.
7, 26849
What are the prime factors of 2073466?
2, 31, 53, 631
What are the prime factors of 1226989?
83, 14783
List the prime factors of 269897.
269897
What are the prime factors of 589805?
5, 179, 659
What are the prime factors of 128018?
2, 11, 23
What are the prime factors of 1464592?
2, 239, 383
List the prime factors of 1592215.
5, 318443
List the prime factors of 10087778.
2, 241, 20929
List the prime factors of 727312.
2, 131, 347
What are the prime factors of 371635?
5, 11, 29, 233
What are the prime factors of 12961858?
2, 7, 13, 229, 311
What are the prime factors of 679006?
2, 23, 29, 509
What are the prime factors of 579870?
2, 3, 5, 17, 379
List the prime factors of 2915928.
2, 3, 40499
List the prime factors of 2018618.
2, 7, 23, 6269
List the prime factors of 3407676.
2, 3, 199, 1427
List the prime factors of 610664.
2, 76333
List the prime factors of 1416512.
2, 22133
What are the prime factors of 151444?
2, 37861
What are the prime factors of 68672?
2, 29, 37
What are the prime factors of 13074959?
13074959
List the prime factors of 1236552.
2, 3, 67, 769
List the prime factors of 9442862.
2, 11, 13, 137, 241
What are the prime factors of 1838451?
3, 612817
What are the prime factors of 418567?
89, 4703
List the prime factors of 12374626.
2, 11, 43, 103, 127
List the prime factors of 530244.
2, 3, 11, 13, 103
What are the prime factors of 169921?
367, 463
What are the prime factors of 4856396?
2, 199, 6101
What are the prime factors of 618368?
2, 4831
What are the prime factors of 606038?
2, 303019
List the prime factors of 9542064.
2, 3, 7, 4057
List the prime factors of 540233.
540233
What are the prime factors of 9782638?
2, 191, 25609
What are the prime factors of 907025?
5, 7, 71, 73
What are the prime factors of 1543154?
2, 107, 7211
What are the prime factors of 427640?
2, 5, 10691
What are the prime factors of 1438333?
13, 110641
What are the prime factors of 146863?
17, 53, 163
What are the prime factors of 872064?
2, 3, 757
What are the prime factors of 816401?
816401
List the prime factors of 125893.
67, 1879
What are the prime factors of 13651785?
3, 5, 7, 19, 2281
What are the prime factors of 35200569?
3, 109, 107647
List the prime factors of 623954.
2, 223, 1399
What are the prime factors of 814712?
2, 101839
List the prime factors of 2548749.
3, 7, 121369
What are the prime factors of 181392?
2, 3, 3779
What are the prime factors of 553061?
17, 32533
List the prime factors of 927841.
927841
List the prime factors of 31650138.
2, 3, 13, 135257
What are the prime factors of 68473?
68473
List the prime factors of 225317.
293, 769
What are the prime factors of 2170420?
2, 5, 7, 37, 419
What are the prime factors of 29998048?
2, 587, 1597
What are the prime factors of 1255750?
2, 5, 5023
What are the prime factors of 14971862?
2, 73, 102547
What are the prime factors of 355767?
3, 118589
What are the prime factors of 178420?
2, 5, 11, 811
What are the prime factors of 832636?
2, 7, 131, 227
What are the prime factors of 7565557?
547, 13831
What are the prime factors of 150584?
2, 7, 2689
What are the prime factors of 939033?
3, 11593
List the prime factors of 185198.
2, 13, 17, 419
What are the prime factors of 115982?
2, 57991
List the prime factors of 3973952.
2, 31, 2003
List the prime factors of 211144.
2, 26393
List the prime factors of 103322.
2, 19, 2719
List the prime factors of 91463.
91463
What are the prime factors of 590434?
2, 13, 22709
What are the prime factors of 9927517?
59, 168263
List the prime factors of 343405.
5, 173, 397
List the prime factors of 315290.
2, 5, 41, 769
What are the prime factors of 2729899?
1367, 1997
What are the prime factors of 300507?
3, 100169
List the prime factors of 1334196.
2, 3, 37061
What are the prime factors of 524220?
2, 3, 5, 8737
List the prime factors of 5302736.
2, 31, 10691
What are the prime factors of 7654038?
2, 3, 7, 182239
List the prime fact